{"id":476,"date":"2023-09-27T16:09:52","date_gmt":"2023-09-27T16:09:52","guid":{"rendered":"http:\/\/genteplus.org\/?page_id=476"},"modified":"2024-10-29T19:27:17","modified_gmt":"2024-10-29T19:27:17","slug":"junta","status":"publish","type":"page","link":"https:\/\/genteplus.org\/index.php\/junta","title":{"rendered":"Equipo Directivo"},"content":{"rendered":"\t\t<div data-elementor-type=\"wp-page\" data-elementor-id=\"476\" class=\"elementor elementor-476\">\n\t\t\t\t\t\t<section class=\"elementor-section elementor-top-section elementor-element elementor-element-9e2aff0 elementor-section-height-min-height elementor-section-items-bottom elementor-section-content-bottom elementor-section-boxed elementor-section-height-default\" data-id=\"9e2aff0\" data-element_type=\"section\" data-e-type=\"section\" data-settings=\"{&quot;background_background&quot;:&quot;classic&quot;}\">\n\t\t\t\t\t\t\t<div class=\"elementor-background-overlay\"><\/div>\n\t\t\t\t\t\t\t<div class=\"elementor-container elementor-column-gap-default\">\n\t\t\t\t\t<div class=\"elementor-column elementor-col-100 elementor-top-column elementor-element elementor-element-bb40fa6\" data-id=\"bb40fa6\" data-element_type=\"column\" data-e-type=\"column\">\n\t\t\t<div class=\"elementor-widget-wrap elementor-element-populated\">\n\t\t\t\t\t\t<div class=\"elementor-element elementor-element-1d0fa8b elementor-widget__width-initial elementor-widget elementor-widget-heading\" data-id=\"1d0fa8b\" data-element_type=\"widget\" data-e-type=\"widget\" data-widget_type=\"heading.default\">\n\t\t\t\t<div class=\"elementor-widget-container\">\n\t\t\t\t\t<h1 class=\"elementor-heading-title elementor-size-default\">Equipo Directivo<\/h1>\t\t\t\t<\/div>\n\t\t\t\t<\/div>\n\t\t\t\t\t<\/div>\n\t\t<\/div>\n\t\t\t\t\t<\/div>\n\t\t<\/section>\n\t\t<div class=\"elementor-element elementor-element-e22d8ce e-con-full e-flex e-con e-parent\" data-id=\"e22d8ce\" data-element_type=\"container\" data-e-type=\"container\">\n\t\t<div class=\"elementor-element elementor-element-f086d5c e-con-full e-flex e-con e-child\" data-id=\"f086d5c\" data-element_type=\"container\" data-e-type=\"container\">\n\t\t\t\t<div class=\"elementor-element elementor-element-47bc378 elementor-position-top elementor-widget elementor-widget-image-box\" data-id=\"47bc378\" data-element_type=\"widget\" data-e-type=\"widget\" data-widget_type=\"image-box.default\">\n\t\t\t\t<div class=\"elementor-widget-container\">\n\t\t\t\t\t<div class=\"elementor-image-box-wrapper\"><figure class=\"elementor-image-box-img\"><img fetchpriority=\"high\" decoding=\"async\" width=\"568\" height=\"568\" src=\"https:\/\/genteplus.org\/wp-content\/uploads\/2023\/10\/Jairo.jpg\" class=\"attachment-full size-full wp-image-784\" alt=\"\" srcset=\"https:\/\/genteplus.org\/wp-content\/uploads\/2023\/10\/Jairo.jpg 568w, https:\/\/genteplus.org\/wp-content\/uploads\/2023\/10\/Jairo-300x300.jpg 300w, https:\/\/genteplus.org\/wp-content\/uploads\/2023\/10\/Jairo-150x150.jpg 150w\" sizes=\"(max-width: 568px) 100vw, 568px\" \/><\/figure><div class=\"elementor-image-box-content\"><h3 class=\"elementor-image-box-title\">Jairo Fern\u00e1ndez L\u00f3pez<\/h3><p class=\"elementor-image-box-description\">Presidente <br><br>Me motiva descubrir y apoyar el talento y buen hacer de las personas migrantes para formar una sola voz en Espa\u00f1a que enriquezca el intercambio social. <\/p><\/div><\/div>\t\t\t\t<\/div>\n\t\t\t\t<\/div>\n\t\t\t\t<\/div>\n\t\t<div class=\"elementor-element elementor-element-3c8811d e-con-full e-flex e-con e-child\" data-id=\"3c8811d\" data-element_type=\"container\" data-e-type=\"container\">\n\t\t\t\t<div class=\"elementor-element elementor-element-7532a03 elementor-position-top elementor-widget elementor-widget-image-box\" data-id=\"7532a03\" data-element_type=\"widget\" data-e-type=\"widget\" data-widget_type=\"image-box.default\">\n\t\t\t\t<div class=\"elementor-widget-container\">\n\t\t\t\t\t<div class=\"elementor-image-box-wrapper\"><figure class=\"elementor-image-box-img\"><img decoding=\"async\" width=\"1525\" height=\"1525\" src=\"https:\/\/genteplus.org\/wp-content\/uploads\/2023\/10\/fotojosefa2023.jpg\" class=\"attachment-full size-full wp-image-785\" alt=\"\" srcset=\"https:\/\/genteplus.org\/wp-content\/uploads\/2023\/10\/fotojosefa2023.jpg 1525w, https:\/\/genteplus.org\/wp-content\/uploads\/2023\/10\/fotojosefa2023-300x300.jpg 300w, https:\/\/genteplus.org\/wp-content\/uploads\/2023\/10\/fotojosefa2023-1024x1024.jpg 1024w, https:\/\/genteplus.org\/wp-content\/uploads\/2023\/10\/fotojosefa2023-150x150.jpg 150w, https:\/\/genteplus.org\/wp-content\/uploads\/2023\/10\/fotojosefa2023-768x768.jpg 768w\" sizes=\"(max-width: 1525px) 100vw, 1525px\" \/><\/figure><div class=\"elementor-image-box-content\"><h3 class=\"elementor-image-box-title\">Josefa  Montilla V\u00e1squez <\/h3><p class=\"elementor-image-box-description\">Tesorera <br><br>Mi motivaci\u00f3n es ayudar a los migrantes, emprendedores y empresarios compartiendo mis conocimientos y experiencias como profesional en la Administraci\u00f3n, Finanzas y Proyectos de Empresas y mis vivencias como migrante.<\/p><\/div><\/div>\t\t\t\t<\/div>\n\t\t\t\t<\/div>\n\t\t\t\t<\/div>\n\t\t<div class=\"elementor-element elementor-element-e9fc89f e-con-full e-flex e-con e-child\" data-id=\"e9fc89f\" data-element_type=\"container\" data-e-type=\"container\">\n\t\t\t\t<div class=\"elementor-element elementor-element-04388eb elementor-position-top elementor-widget elementor-widget-image-box\" data-id=\"04388eb\" data-element_type=\"widget\" data-e-type=\"widget\" data-widget_type=\"image-box.default\">\n\t\t\t\t<div class=\"elementor-widget-container\">\n\t\t\t\t\t<div class=\"elementor-image-box-wrapper\"><figure class=\"elementor-image-box-img\"><img decoding=\"async\" width=\"1473\" height=\"1473\" src=\"https:\/\/genteplus.org\/wp-content\/uploads\/2023\/10\/fototania2023.jpg\" class=\"attachment-full size-full wp-image-786\" alt=\"\" srcset=\"https:\/\/genteplus.org\/wp-content\/uploads\/2023\/10\/fototania2023.jpg 1473w, https:\/\/genteplus.org\/wp-content\/uploads\/2023\/10\/fototania2023-300x300.jpg 300w, https:\/\/genteplus.org\/wp-content\/uploads\/2023\/10\/fototania2023-1024x1024.jpg 1024w, https:\/\/genteplus.org\/wp-content\/uploads\/2023\/10\/fototania2023-150x150.jpg 150w, https:\/\/genteplus.org\/wp-content\/uploads\/2023\/10\/fototania2023-768x768.jpg 768w\" sizes=\"(max-width: 1473px) 100vw, 1473px\" \/><\/figure><div class=\"elementor-image-box-content\"><h3 class=\"elementor-image-box-title\">Tania Ram\u00edrez Sarabia\u200b<\/h3><p class=\"elementor-image-box-description\">Secretar\u00eda <br><br>Colaboro con G+ porque ofrece un espacio donde se entiende al inmigrante, se le valora, se le ayuda a sumar y ser parte de la sociedad de acogida. <\/p><\/div><\/div>\t\t\t\t<\/div>\n\t\t\t\t<\/div>\n\t\t\t\t<\/div>\n\t\t<div class=\"elementor-element elementor-element-78abf14 e-con-full e-flex e-con e-child\" data-id=\"78abf14\" data-element_type=\"container\" data-e-type=\"container\">\n\t\t\t\t<div class=\"elementor-element elementor-element-20e5981 elementor-position-top elementor-widget elementor-widget-image-box\" data-id=\"20e5981\" data-element_type=\"widget\" data-e-type=\"widget\" data-widget_type=\"image-box.default\">\n\t\t\t\t<div class=\"elementor-widget-container\">\n\t\t\t\t\t<div class=\"elementor-image-box-wrapper\"><figure class=\"elementor-image-box-img\"><img loading=\"lazy\" decoding=\"async\" width=\"800\" height=\"800\" src=\"https:\/\/genteplus.org\/wp-content\/uploads\/2023\/09\/1648575753546.jpg\" class=\"attachment-full size-full wp-image-490\" alt=\"\" srcset=\"https:\/\/genteplus.org\/wp-content\/uploads\/2023\/09\/1648575753546.jpg 800w, https:\/\/genteplus.org\/wp-content\/uploads\/2023\/09\/1648575753546-300x300.jpg 300w, https:\/\/genteplus.org\/wp-content\/uploads\/2023\/09\/1648575753546-150x150.jpg 150w, https:\/\/genteplus.org\/wp-content\/uploads\/2023\/09\/1648575753546-768x768.jpg 768w\" sizes=\"(max-width: 800px) 100vw, 800px\" \/><\/figure><div class=\"elementor-image-box-content\"><h3 class=\"elementor-image-box-title\">Naylett Pe\u00f1a Rodr\u00edguez   \u200b<\/h3><p class=\"elementor-image-box-description\">Vocal <br><br>Me motiva contribuir en el dise\u00f1o de un programa de apoyo a  los migrantes de cualquier nacionalidad en los diferentes  procesos de integraci\u00f3n. <\/p><\/div><\/div>\t\t\t\t<\/div>\n\t\t\t\t<\/div>\n\t\t\t\t<\/div>\n\t\t\t\t<\/div>\n\t\t<div class=\"elementor-element elementor-element-add8a19 e-con-full e-flex e-con e-parent\" data-id=\"add8a19\" data-element_type=\"container\" data-e-type=\"container\">\n\t\t<div class=\"elementor-element elementor-element-a56a814 e-con-full e-flex e-con e-child\" data-id=\"a56a814\" data-element_type=\"container\" data-e-type=\"container\">\n\t\t\t\t<div class=\"elementor-element elementor-element-9c1b942 elementor-position-top elementor-widget elementor-widget-image-box\" data-id=\"9c1b942\" data-element_type=\"widget\" data-e-type=\"widget\" data-widget_type=\"image-box.default\">\n\t\t\t\t<div class=\"elementor-widget-container\">\n\t\t\t\t\t<div class=\"elementor-image-box-wrapper\"><figure class=\"elementor-image-box-img\"><img loading=\"lazy\" decoding=\"async\" width=\"800\" height=\"800\" src=\"https:\/\/genteplus.org\/wp-content\/uploads\/2023\/09\/Alejandra.jpg\" class=\"attachment-full size-full wp-image-498\" alt=\"\" srcset=\"https:\/\/genteplus.org\/wp-content\/uploads\/2023\/09\/Alejandra.jpg 800w, https:\/\/genteplus.org\/wp-content\/uploads\/2023\/09\/Alejandra-300x300.jpg 300w, https:\/\/genteplus.org\/wp-content\/uploads\/2023\/09\/Alejandra-150x150.jpg 150w, https:\/\/genteplus.org\/wp-content\/uploads\/2023\/09\/Alejandra-768x768.jpg 768w\" sizes=\"(max-width: 800px) 100vw, 800px\" \/><\/figure><div class=\"elementor-image-box-content\"><h3 class=\"elementor-image-box-title\">Alejandra Carrero Rodr\u00edguez<\/h3><p class=\"elementor-image-box-description\">Vocal <br><br>Me ilusiona poner al servicio de las personas en procesos migratorios, una mirada integrativa, vanguardista y humana.\u201d<\/p><\/div><\/div>\t\t\t\t<\/div>\n\t\t\t\t<\/div>\n\t\t\t\t<\/div>\n\t\t<div class=\"elementor-element elementor-element-91f4f98 e-con-full e-flex e-con e-child\" data-id=\"91f4f98\" data-element_type=\"container\" data-e-type=\"container\">\n\t\t\t\t<div class=\"elementor-element elementor-element-8c301ff elementor-position-top elementor-widget elementor-widget-image-box\" data-id=\"8c301ff\" data-element_type=\"widget\" data-e-type=\"widget\" data-widget_type=\"image-box.default\">\n\t\t\t\t<div class=\"elementor-widget-container\">\n\t\t\t\t\t<div class=\"elementor-image-box-wrapper\"><figure class=\"elementor-image-box-img\"><img loading=\"lazy\" decoding=\"async\" width=\"800\" height=\"800\" src=\"https:\/\/genteplus.org\/wp-content\/uploads\/2023\/09\/1682412247238.jpg\" class=\"attachment-full size-full wp-image-489\" alt=\"\" srcset=\"https:\/\/genteplus.org\/wp-content\/uploads\/2023\/09\/1682412247238.jpg 800w, https:\/\/genteplus.org\/wp-content\/uploads\/2023\/09\/1682412247238-300x300.jpg 300w, https:\/\/genteplus.org\/wp-content\/uploads\/2023\/09\/1682412247238-150x150.jpg 150w, https:\/\/genteplus.org\/wp-content\/uploads\/2023\/09\/1682412247238-768x768.jpg 768w\" sizes=\"(max-width: 800px) 100vw, 800px\" \/><\/figure><div class=\"elementor-image-box-content\"><h3 class=\"elementor-image-box-title\">Carolina Scott Garc\u00eda\u200b<\/h3><p class=\"elementor-image-box-description\">Vocal <br><br>Mi experiencia  en el \u00e1rea de las finanzas me permite aportar una visi\u00f3n integral a los proyectos de la Asociaci\u00f3n y sus afiliados.  <\/p><\/div><\/div>\t\t\t\t<\/div>\n\t\t\t\t<\/div>\n\t\t\t\t<\/div>\n\t\t<div class=\"elementor-element elementor-element-2ad3acc e-con-full e-flex e-con e-child\" data-id=\"2ad3acc\" data-element_type=\"container\" data-e-type=\"container\">\n\t\t\t\t<div class=\"elementor-element elementor-element-2c5f490 elementor-position-top elementor-widget elementor-widget-image-box\" data-id=\"2c5f490\" data-element_type=\"widget\" data-e-type=\"widget\" data-widget_type=\"image-box.default\">\n\t\t\t\t<div class=\"elementor-widget-container\">\n\t\t\t\t\t<div class=\"elementor-image-box-wrapper\"><figure class=\"elementor-image-box-img\"><img loading=\"lazy\" decoding=\"async\" width=\"820\" height=\"820\" src=\"https:\/\/genteplus.org\/wp-content\/uploads\/2023\/10\/fotoarnoldo2023.jpg\" class=\"attachment-full size-full wp-image-783\" alt=\"\" srcset=\"https:\/\/genteplus.org\/wp-content\/uploads\/2023\/10\/fotoarnoldo2023.jpg 820w, https:\/\/genteplus.org\/wp-content\/uploads\/2023\/10\/fotoarnoldo2023-300x300.jpg 300w, https:\/\/genteplus.org\/wp-content\/uploads\/2023\/10\/fotoarnoldo2023-150x150.jpg 150w, https:\/\/genteplus.org\/wp-content\/uploads\/2023\/10\/fotoarnoldo2023-768x768.jpg 768w\" sizes=\"(max-width: 820px) 100vw, 820px\" \/><\/figure><div class=\"elementor-image-box-content\"><h3 class=\"elementor-image-box-title\">Arnoldo Rodr\u00edguez<\/h3><p class=\"elementor-image-box-description\">Vocal <br><br>Me ilusiona participar en los eventos de Gente+, ayudar con mi experiencia a la realizaci\u00f3n de actividades coordinando el \u00e1rea musical, sonido y talento. <\/p><\/div><\/div>\t\t\t\t<\/div>\n\t\t\t\t<\/div>\n\t\t\t\t<\/div>\n\t\t\t\t<\/div>\n\t\t<div class=\"elementor-element elementor-element-606e1c1 e-flex e-con-boxed e-con e-parent\" data-id=\"606e1c1\" data-element_type=\"container\" data-e-type=\"container\">\n\t\t\t\t\t<div class=\"e-con-inner\">\n\t\t\t\t\t<\/div>\n\t\t\t\t<\/div>\n\t\t\t\t<\/div>\n\t\t","protected":false},"excerpt":{"rendered":"<p>Equipo Directivo Jairo Fern\u00e1ndez L\u00f3pez Presidente Me motiva descubrir y apoyar el talento y buen hacer de las personas migrantes para formar una sola voz en Espa\u00f1a que enriquezca el intercambio social. Josefa Montilla V\u00e1squez Tesorera Mi motivaci\u00f3n es ayudar a los migrantes, emprendedores y empresarios compartiendo mis conocimientos y experiencias como profesional en la [&hellip;]<\/p>\n","protected":false},"author":1,"featured_media":0,"parent":0,"menu_order":0,"comment_status":"closed","ping_status":"closed","template":"","meta":{"site-sidebar-layout":"no-sidebar","site-content-layout":"page-builder","ast-site-content-layout":"full-width-container","site-content-style":"unboxed","site-sidebar-style":"unboxed","ast-global-header-display":"","ast-banner-title-visibility":"","ast-main-header-display":"","ast-hfb-above-header-display":"","ast-hfb-below-header-display":"","ast-hfb-mobile-header-display":"","site-post-title":"disabled","ast-breadcrumbs-content":"disabled","ast-featured-img":"disabled","footer-sml-layout":"","ast-disable-related-posts":"","theme-transparent-header-meta":"enabled","adv-header-id-meta":"","stick-header-meta":"","header-above-stick-meta":"","header-main-stick-meta":"","header-below-stick-meta":"","astra-migrate-meta-layouts":"set","ast-page-background-enabled":"default","ast-page-background-meta":{"desktop":{"background-color":"","background-image":"","background-repeat":"repeat","background-position":"center center","background-size":"auto","background-attachment":"scroll","background-type":"","background-media":"","overlay-type":"","overlay-color":"","overlay-opacity":"","overlay-gradient":""},"tablet":{"background-color":"","background-image":"","background-repeat":"repeat","background-position":"center center","background-size":"auto","background-attachment":"scroll","background-type":"","background-media":"","overlay-type":"","overlay-color":"","overlay-opacity":"","overlay-gradient":""},"mobile":{"background-color":"","background-image":"","background-repeat":"repeat","background-position":"center center","background-size":"auto","background-attachment":"scroll","background-type":"","background-media":"","overlay-type":"","overlay-color":"","overlay-opacity":"","overlay-gradient":""}},"ast-content-background-meta":{"desktop":{"background-color":"var(--ast-global-color-5)","background-image":"","background-repeat":"repeat","background-position":"center center","background-size":"auto","background-attachment":"scroll","background-type":"","background-media":"","overlay-type":"","overlay-color":"","overlay-opacity":"","overlay-gradient":""},"tablet":{"background-color":"var(--ast-global-color-5)","background-image":"","background-repeat":"repeat","background-position":"center center","background-size":"auto","background-attachment":"scroll","background-type":"","background-media":"","overlay-type":"","overlay-color":"","overlay-opacity":"","overlay-gradient":""},"mobile":{"background-color":"var(--ast-global-color-5)","background-image":"","background-repeat":"repeat","background-position":"center center","background-size":"auto","background-attachment":"scroll","background-type":"","background-media":"","overlay-type":"","overlay-color":"","overlay-opacity":"","overlay-gradient":""}},"footnotes":""},"class_list":["post-476","page","type-page","status-publish","hentry"],"_links":{"self":[{"href":"https:\/\/genteplus.org\/index.php\/wp-json\/wp\/v2\/pages\/476","targetHints":{"allow":["GET"]}}],"collection":[{"href":"https:\/\/genteplus.org\/index.php\/wp-json\/wp\/v2\/pages"}],"about":[{"href":"https:\/\/genteplus.org\/index.php\/wp-json\/wp\/v2\/types\/page"}],"author":[{"embeddable":true,"href":"https:\/\/genteplus.org\/index.php\/wp-json\/wp\/v2\/users\/1"}],"replies":[{"embeddable":true,"href":"https:\/\/genteplus.org\/index.php\/wp-json\/wp\/v2\/comments?post=476"}],"version-history":[{"count":57,"href":"https:\/\/genteplus.org\/index.php\/wp-json\/wp\/v2\/pages\/476\/revisions"}],"predecessor-version":[{"id":3481,"href":"https:\/\/genteplus.org\/index.php\/wp-json\/wp\/v2\/pages\/476\/revisions\/3481"}],"wp:attachment":[{"href":"https:\/\/genteplus.org\/index.php\/wp-json\/wp\/v2\/media?parent=476"}],"curies":[{"name":"wp","href":"https:\/\/api.w.org\/{rel}","templated":true}]}}